{"id":17501,"date":"2024-08-19T13:45:11","date_gmt":"2024-08-19T11:45:11","guid":{"rendered":"http:\/\/mfc.ski\/?page_id=17501"},"modified":"2026-02-17T14:24:09","modified_gmt":"2026-02-17T13:24:09","slug":"campy-2025","status":"publish","type":"page","link":"https:\/\/mfc.ski\/index.php\/campy-2025\/","title":{"rendered":"Campy"},"content":{"rendered":"\t\t<div data-elementor-type=\"wp-page\" data-elementor-id=\"17501\" class=\"elementor elementor-17501\" data-elementor-post-type=\"page\">\n\t\t\t\t<div class=\"elementor-element elementor-element-3374a39 e-con-full e-flex wpr-particle-no wpr-jarallax-no wpr-parallax-no wpr-sticky-section-no e-con e-parent\" data-id=\"3374a39\" data-element_type=\"container\" data-e-type=\"container\">\n\t\t\t\t<div class=\"elementor-element elementor-element-364e43d elementor-widget elementor-widget-heading\" data-id=\"364e43d\" data-element_type=\"widget\" data-e-type=\"widget\" data-widget_type=\"heading.default\">\n\t\t\t\t<div class=\"elementor-widget-container\">\n\t\t\t\t\t<h2 class=\"elementor-heading-title elementor-size-default\">Zapraszamy do zapoznania si\u0119 z terminami wyjazd\u00f3w w sezonie 2025\/2026<\/h2>\t\t\t\t<\/div>\n\t\t\t\t<\/div>\n\t\t\t\t<\/div>\n\t\t<div class=\"elementor-element elementor-element-8d7dd14 e-grid e-con-boxed wpr-particle-no wpr-jarallax-no wpr-parallax-no wpr-sticky-section-no e-con e-parent\" data-id=\"8d7dd14\" data-element_type=\"container\" data-e-type=\"container\">\n\t\t\t\t\t<div class=\"e-con-inner\">\n\t\t\t\t<div class=\"elementor-element elementor-element-38c110d elementor-widget__width-initial elementor-cta--skin-classic elementor-animated-content elementor-bg-transform elementor-bg-transform-zoom-in elementor-widget elementor-widget-call-to-action\" data-id=\"38c110d\" data-element_type=\"widget\" data-e-type=\"widget\" data-widget_type=\"call-to-action.default\">\n\t\t\t\t<div class=\"elementor-widget-container\">\n\t\t\t\t\t\t\t<div class=\"elementor-cta\">\n\t\t\t\t\t<div class=\"elementor-cta__bg-wrapper\">\n\t\t\t\t<div class=\"elementor-cta__bg elementor-bg\" style=\"background-image: url(https:\/\/mfc.ski\/wp-content\/uploads\/2025\/12\/admin-ajax1-2.jpg);\" role=\"img\" aria-label=\"admin-ajax1\"><\/div>\n\t\t\t\t<div class=\"elementor-cta__bg-overlay\"><\/div>\n\t\t\t<\/div>\n\t\t\t\t\t\t\t<div class=\"elementor-cta__content\">\n\t\t\t\t\n\t\t\t\t\t\t\t\t\t<h2 class=\"elementor-cta__title elementor-cta__content-item elementor-content-item\">\n\t\t\t\t\t\tFreeride Intro\t\t\t\t\t<\/h2>\n\t\t\t\t\n\t\t\t\t\t\t\t\t\t<div class=\"elementor-cta__description elementor-cta__content-item elementor-content-item\">\n\t\t\t\t\t\t10.01-17.01.2026  <br>\nZillertal, Austria\t\t\t\t\t<\/div>\n\t\t\t\t\n\t\t\t\t\t\t\t\t\t<div class=\"elementor-cta__button-wrapper elementor-cta__content-item elementor-content-item \">\n\t\t\t\t\t<a class=\"elementor-cta__button elementor-button elementor-size-\" href=\"https:\/\/mfc.ski\/index.php\/step\/freeride-intro-2\/\" target=\"_blank\">\n\t\t\t\t\t\twi\u0119cej\t\t\t\t\t<\/a>\n\t\t\t\t\t<\/div>\n\t\t\t\t\t\t\t<\/div>\n\t\t\t\t\t\t<\/div>\n\t\t\t\t\t\t<\/div>\n\t\t\t\t<\/div>\n\t\t\t\t<div class=\"elementor-element elementor-element-0b6c31c elementor-widget__width-initial elementor-cta--skin-classic elementor-animated-content elementor-bg-transform elementor-bg-transform-zoom-in elementor-widget elementor-widget-call-to-action\" data-id=\"0b6c31c\" data-element_type=\"widget\" data-e-type=\"widget\" data-widget_type=\"call-to-action.default\">\n\t\t\t\t<div class=\"elementor-widget-container\">\n\t\t\t\t\t\t\t<div class=\"elementor-cta\">\n\t\t\t\t\t<div class=\"elementor-cta__bg-wrapper\">\n\t\t\t\t<div class=\"elementor-cta__bg elementor-bg\" style=\"background-image: url(https:\/\/mfc.ski\/wp-content\/uploads\/2025\/12\/admin-ajax_1-1.jpg);\" role=\"img\" aria-label=\"admin-ajax_1\"><\/div>\n\t\t\t\t<div class=\"elementor-cta__bg-overlay\"><\/div>\n\t\t\t<\/div>\n\t\t\t\t\t\t\t<div class=\"elementor-cta__content\">\n\t\t\t\t\n\t\t\t\t\t\t\t\t\t<h2 class=\"elementor-cta__title elementor-cta__content-item elementor-content-item\">\n\t\t\t\t\t\tMajesty Freeride Camp\t\t\t\t\t<\/h2>\n\t\t\t\t\n\t\t\t\t\t\t\t\t\t<div class=\"elementor-cta__description elementor-cta__content-item elementor-content-item\">\n\t\t\t\t\t\t17.01-24.01.2026  <br>\nZillertal, Austria\t\t\t\t\t<\/div>\n\t\t\t\t\n\t\t\t\t\t\t\t\t\t<div class=\"elementor-cta__button-wrapper elementor-cta__content-item elementor-content-item \">\n\t\t\t\t\t<a class=\"elementor-cta__button elementor-button elementor-size-\" href=\"https:\/\/mfc.ski\/index.php\/step\/majesty-freeride-camp-1\/\" target=\"_blank\">\n\t\t\t\t\t\twi\u0119cej\t\t\t\t\t<\/a>\n\t\t\t\t\t<\/div>\n\t\t\t\t\t\t\t<\/div>\n\t\t\t\t\t\t<\/div>\n\t\t\t\t\t\t<\/div>\n\t\t\t\t<\/div>\n\t\t\t\t<div class=\"elementor-element elementor-element-713313b elementor-widget__width-initial elementor-cta--skin-classic elementor-animated-content elementor-bg-transform elementor-bg-transform-zoom-in elementor-widget elementor-widget-call-to-action\" data-id=\"713313b\" data-element_type=\"widget\" data-e-type=\"widget\" data-widget_type=\"call-to-action.default\">\n\t\t\t\t<div class=\"elementor-widget-container\">\n\t\t\t\t\t\t\t<div class=\"elementor-cta\">\n\t\t\t\t\t<div class=\"elementor-cta__bg-wrapper\">\n\t\t\t\t<div class=\"elementor-cta__bg elementor-bg\" style=\"background-image: url(https:\/\/mfc.ski\/wp-content\/uploads\/2026\/02\/mfc-14-e1724418713495_1_MIEJSCA-copy-copy.jpg);\" role=\"img\" aria-label=\"mfc-14-e1724418713495_1_MIEJSCA-copy copy\"><\/div>\n\t\t\t\t<div class=\"elementor-cta__bg-overlay\"><\/div>\n\t\t\t<\/div>\n\t\t\t\t\t\t\t<div class=\"elementor-cta__content\">\n\t\t\t\t\n\t\t\t\t\t\t\t\t\t<h2 class=\"elementor-cta__title elementor-cta__content-item elementor-content-item\">\n\t\t\t\t\t\tZillertal Tour\t\t\t\t\t<\/h2>\n\t\t\t\t\n\t\t\t\t\t\t\t\t\t<div class=\"elementor-cta__description elementor-cta__content-item elementor-content-item\">\n\t\t\t\t\t\t28.02-07.03.2026  <br>\nZillertal, Austria\t\t\t\t\t<\/div>\n\t\t\t\t\n\t\t\t\t\t\t\t\t\t<div class=\"elementor-cta__button-wrapper elementor-cta__content-item elementor-content-item \">\n\t\t\t\t\t<a class=\"elementor-cta__button elementor-button elementor-size-\" href=\"https:\/\/mfc.ski\/index.php\/step\/zillertal-tour-1\/\" target=\"_blank\">\n\t\t\t\t\t\twi\u0119cej\t\t\t\t\t<\/a>\n\t\t\t\t\t<\/div>\n\t\t\t\t\t\t\t<\/div>\n\t\t\t\t\t\t<\/div>\n\t\t\t\t\t\t<\/div>\n\t\t\t\t<\/div>\n\t\t\t\t<div class=\"elementor-element elementor-element-4da8fad elementor-widget__width-initial elementor-cta--skin-classic elementor-animated-content elementor-bg-transform elementor-bg-transform-zoom-in elementor-widget elementor-widget-call-to-action\" data-id=\"4da8fad\" data-element_type=\"widget\" data-e-type=\"widget\" data-widget_type=\"call-to-action.default\">\n\t\t\t\t<div class=\"elementor-widget-container\">\n\t\t\t\t\t\t\t<div class=\"elementor-cta\">\n\t\t\t\t\t<div class=\"elementor-cta__bg-wrapper\">\n\t\t\t\t<div class=\"elementor-cta__bg elementor-bg\" style=\"background-image: url(https:\/\/mfc.ski\/wp-content\/uploads\/2026\/02\/MFC-2293_1_MIEJSCA-copy.jpg);\" role=\"img\" aria-label=\"MFC-2293_1_MIEJSCA copy\"><\/div>\n\t\t\t\t<div class=\"elementor-cta__bg-overlay\"><\/div>\n\t\t\t<\/div>\n\t\t\t\t\t\t\t<div class=\"elementor-cta__content\">\n\t\t\t\t\n\t\t\t\t\t\t\t\t\t<h2 class=\"elementor-cta__title elementor-cta__content-item elementor-content-item\">\n\t\t\t\t\t\tMajesty Freeride Camp\t\t\t\t\t<\/h2>\n\t\t\t\t\n\t\t\t\t\t\t\t\t\t<div class=\"elementor-cta__description elementor-cta__content-item elementor-content-item\">\n\t\t\t\t\t\t09.03-15.03.2026<br>\u00c5re, Szwecja\t\t\t\t\t<\/div>\n\t\t\t\t\n\t\t\t\t\t\t\t\t\t<div class=\"elementor-cta__button-wrapper elementor-cta__content-item elementor-content-item \">\n\t\t\t\t\t<a class=\"elementor-cta__button elementor-button elementor-size-\" href=\"https:\/\/mfc.ski\/index.php\/step\/majesty-freeride-camp-are\/\" target=\"_blank\">\n\t\t\t\t\t\twi\u0119cej\t\t\t\t\t<\/a>\n\t\t\t\t\t<\/div>\n\t\t\t\t\t\t\t<\/div>\n\t\t\t\t\t\t<\/div>\n\t\t\t\t\t\t<\/div>\n\t\t\t\t<\/div>\n\t\t\t\t\t<\/div>\n\t\t\t\t<\/div>\n\t\t\t\t<\/div>\n\t\t","protected":false},"excerpt":{"rendered":"<p>Zapraszamy do zapoznania si\u0119 z terminami wyjazd\u00f3w w sezonie 2025\/2026 Freeride Intro 10.01-17.01.2026 Zillertal, Austria wi\u0119cej Majesty Freeride Camp 17.01-24.01.2026 Zillertal, Austria wi\u0119cej Zillertal Tour 28.02-07.03.2026 Zillertal, Austria wi\u0119cej Majesty Freeride Camp 09.03-15.03.2026\u00c5re, Szwecja wi\u0119cej<\/p>\n","protected":false},"author":1,"featured_media":0,"parent":0,"menu_order":0,"comment_status":"closed","ping_status":"closed","template":"","meta":{"footnotes":""},"class_list":["post-17501","page","type-page","status-publish","hentry"],"_links":{"self":[{"href":"https:\/\/mfc.ski\/index.php\/wp-json\/wp\/v2\/pages\/17501","targetHints":{"allow":["GET"]}}],"collection":[{"href":"https:\/\/mfc.ski\/index.php\/wp-json\/wp\/v2\/pages"}],"about":[{"href":"https:\/\/mfc.ski\/index.php\/wp-json\/wp\/v2\/types\/page"}],"author":[{"embeddable":true,"href":"https:\/\/mfc.ski\/index.php\/wp-json\/wp\/v2\/users\/1"}],"replies":[{"embeddable":true,"href":"https:\/\/mfc.ski\/index.php\/wp-json\/wp\/v2\/comments?post=17501"}],"version-history":[{"count":233,"href":"https:\/\/mfc.ski\/index.php\/wp-json\/wp\/v2\/pages\/17501\/revisions"}],"predecessor-version":[{"id":18448,"href":"https:\/\/mfc.ski\/index.php\/wp-json\/wp\/v2\/pages\/17501\/revisions\/18448"}],"wp:attachment":[{"href":"https:\/\/mfc.ski\/index.php\/wp-json\/wp\/v2\/media?parent=17501"}],"curies":[{"name":"wp","href":"https:\/\/api.w.org\/{rel}","templated":true}]}}

<div data-elementor-type="wp-page" data-elementor-id="17501" class="elementor elementor-17501" data-elementor-post-type="page">
				<div class="elementor-element elementor-element-3374a39 e-con-full e-flex wpr-particle-no wpr-jarallax-no wpr-parallax-no wpr-sticky-section-no e-con e-parent" data-id="3374a39" data-element_type="container" data-e-type="container">
				<div class="elementor-element elementor-element-364e43d elementor-widget elementor-widget-heading" data-id="364e43d" data-element_type="widget" data-e-type="widget" data-widget_type="heading.default">
				<div class="elementor-widget-container">
					<h2 class="elementor-heading-title elementor-size-default">Zapraszamy do zapoznania się z terminami wyjazdów w sezonie 2025/2026</h2>				</div>
				</div>
				</div>
		<div class="elementor-element elementor-element-8d7dd14 e-grid e-con-boxed wpr-particle-no wpr-jarallax-no wpr-parallax-no wpr-sticky-section-no e-con e-parent" data-id="8d7dd14" data-element_type="container" data-e-type="container">
					<div class="e-con-inner">
				<div class="elementor-element elementor-element-38c110d elementor-widget__width-initial elementor-cta--skin-classic elementor-animated-content elementor-bg-transform elementor-bg-transform-zoom-in elementor-widget elementor-widget-call-to-action" data-id="38c110d" data-element_type="widget" data-e-type="widget" data-widget_type="call-to-action.default">
				<div class="elementor-widget-container">
							<div class="elementor-cta">
					<div class="elementor-cta__bg-wrapper">
				<div class="elementor-cta__bg elementor-bg" style="background-image: url(https://mfc.ski/wp-content/uploads/2025/12/admin-ajax1-2.jpg);" role="img" aria-label="admin-ajax1"></div>
				<div class="elementor-cta__bg-overlay"></div>
			</div>
							<div class="elementor-cta__content">
				
									<h2 class="elementor-cta__title elementor-cta__content-item elementor-content-item">
						Freeride Intro					</h2>
				
									<div class="elementor-cta__description elementor-cta__content-item elementor-content-item">
						10.01-17.01.2026  <br>
Zillertal, Austria					</div>
				
									<div class="elementor-cta__button-wrapper elementor-cta__content-item elementor-content-item ">
					<a class="elementor-cta__button elementor-button elementor-size-" href="https://mfc.ski/index.php/step/freeride-intro-2/" target="_blank">
						więcej					</a>
					</div>
							</div>
						</div>
						</div>
				</div>
				<div class="elementor-element elementor-element-0b6c31c elementor-widget__width-initial elementor-cta--skin-classic elementor-animated-content elementor-bg-transform elementor-bg-transform-zoom-in elementor-widget elementor-widget-call-to-action" data-id="0b6c31c" data-element_type="widget" data-e-type="widget" data-widget_type="call-to-action.default">
				<div class="elementor-widget-container">
							<div class="elementor-cta">
					<div class="elementor-cta__bg-wrapper">
				<div class="elementor-cta__bg elementor-bg" style="background-image: url(https://mfc.ski/wp-content/uploads/2025/12/admin-ajax_1-1.jpg);" role="img" aria-label="admin-ajax_1"></div>
				<div class="elementor-cta__bg-overlay"></div>
			</div>
							<div class="elementor-cta__content">
				
									<h2 class="elementor-cta__title elementor-cta__content-item elementor-content-item">
						Majesty Freeride Camp					</h2>
				
									<div class="elementor-cta__description elementor-cta__content-item elementor-content-item">
						17.01-24.01.2026  <br>
Zillertal, Austria					</div>
				
									<div class="elementor-cta__button-wrapper elementor-cta__content-item elementor-content-item ">
					<a class="elementor-cta__button elementor-button elementor-size-" href="https://mfc.ski/index.php/step/majesty-freeride-camp-1/" target="_blank">
						więcej					</a>
					</div>
							</div>
						</div>
						</div>
				</div>
				<div class="elementor-element elementor-element-713313b elementor-widget__width-initial elementor-cta--skin-classic elementor-animated-content elementor-bg-transform elementor-bg-transform-zoom-in elementor-widget elementor-widget-call-to-action" data-id="713313b" data-element_type="widget" data-e-type="widget" data-widget_type="call-to-action.default">
				<div class="elementor-widget-container">
							<div class="elementor-cta">
					<div class="elementor-cta__bg-wrapper">
				<div class="elementor-cta__bg elementor-bg" style="background-image: url(https://mfc.ski/wp-content/uploads/2026/02/mfc-14-e1724418713495_1_MIEJSCA-copy-copy.jpg);" role="img" aria-label="mfc-14-e1724418713495_1_MIEJSCA-copy copy"></div>
				<div class="elementor-cta__bg-overlay"></div>
			</div>
							<div class="elementor-cta__content">
				
									<h2 class="elementor-cta__title elementor-cta__content-item elementor-content-item">
						Zillertal Tour					</h2>
				
									<div class="elementor-cta__description elementor-cta__content-item elementor-content-item">
						28.02-07.03.2026  <br>
Zillertal, Austria					</div>
				
									<div class="elementor-cta__button-wrapper elementor-cta__content-item elementor-content-item ">
					<a class="elementor-cta__button elementor-button elementor-size-" href="https://mfc.ski/index.php/step/zillertal-tour-1/" target="_blank">
						więcej					</a>
					</div>
							</div>
						</div>
						</div>
				</div>
				<div class="elementor-element elementor-element-4da8fad elementor-widget__width-initial elementor-cta--skin-classic elementor-animated-content elementor-bg-transform elementor-bg-transform-zoom-in elementor-widget elementor-widget-call-to-action" data-id="4da8fad" data-element_type="widget" data-e-type="widget" data-widget_type="call-to-action.default">
				<div class="elementor-widget-container">
							<div class="elementor-cta">
					<div class="elementor-cta__bg-wrapper">
				<div class="elementor-cta__bg elementor-bg" style="background-image: url(https://mfc.ski/wp-content/uploads/2026/02/MFC-2293_1_MIEJSCA-copy.jpg);" role="img" aria-label="MFC-2293_1_MIEJSCA copy"></div>
				<div class="elementor-cta__bg-overlay"></div>
			</div>
							<div class="elementor-cta__content">
				
									<h2 class="elementor-cta__title elementor-cta__content-item elementor-content-item">
						Majesty Freeride Camp					</h2>
				
									<div class="elementor-cta__description elementor-cta__content-item elementor-content-item">
						09.03-15.03.2026<br>Åre, Szwecja					</div>
				
									<div class="elementor-cta__button-wrapper elementor-cta__content-item elementor-content-item ">
					<a class="elementor-cta__button elementor-button elementor-size-" href="https://mfc.ski/index.php/step/majesty-freeride-camp-are/" target="_blank">
						więcej					</a>
					</div>
							</div>
						</div>
						</div>
				</div>
					</div>
				</div>
				</div>

<p>Zapraszamy do zapoznania się z terminami wyjazdów w sezonie 2025/2026 Freeride Intro 10.01-17.01.2026 Zillertal, Austria więcej Majesty Freeride Camp 17.01-24.01.2026 Zillertal, Austria więcej Zillertal Tour 28.02-07.03.2026 Zillertal, Austria więcej Majesty Freeride Camp 09.03-15.03.2026Åre, Szwecja więcej</p>
