{"id":15255,"date":"2015-02-05T16:08:22","date_gmt":"2015-02-05T16:08:22","guid":{"rendered":"http:\/\/demo.qodeinteractive.com\/bridge62\/?page_id=15255"},"modified":"2020-09-17T16:38:06","modified_gmt":"2020-09-17T14:38:06","slug":"faq","status":"publish","type":"page","link":"https:\/\/mfc.ski\/index.php\/faq\/","title":{"rendered":"FAQ"},"content":{"rendered":"<p>[vc_row css_animation=&#8221;&#8221; row_type=&#8221;row&#8221; use_row_as_full_screen_section=&#8221;no&#8221; type=&#8221;grid&#8221; angled_section=&#8221;no&#8221; text_align=&#8221;left&#8221; background_image_as_pattern=&#8221;without_pattern&#8221; padding_top=&#8221;55&#8243; padding_bottom=&#8221;55&#8243;][vc_column][vc_column_text]<\/p>\n<h2 style=\"text-align: center;\">TUTAJ STARAMY SI\u0118 ODPOWIEDZIE\u0106 NA WSZYSTKIE WASZE PYTANIA \ud83d\ude42<\/h2>\n<p>[\/vc_column_text][vc_separator type=&#8221;transparent&#8221; up=&#8221;13&#8243;][vc_column_text]<\/p>\n<p style=\"text-align: center;\">Je\u015bli jednak nie znalaz\u0142e\u015b tu odpowiedzi na swoje, napisz do nas na <a href=\"https:\/\/www.facebook.com\/MajestyFreerideCamp\/\">facebooku<\/a> lub na biuro@mfc.ski.<\/p>\n<p>[\/vc_column_text][\/vc_column][\/vc_row][vc_row css_animation=&#8221;&#8221; row_type=&#8221;row&#8221; use_row_as_full_screen_section=&#8221;no&#8221; type=&#8221;full_width&#8221; angled_section=&#8221;no&#8221; text_align=&#8221;left&#8221; background_image_as_pattern=&#8221;without_pattern&#8221;][vc_column]<div class=\"qode-accordion-holder clearfix qode-accordion qode-initial \">\n\t<h4 class=\"clearfix qode-title-holder\">\n<span class=\"qode-tab-title\">\n\t    <span class=\"qode-tab-title-inner\">\n        Dla kogo s\u0105 campy?    <\/span>\n<\/span>\n<span class=\"qode-accordion-mark\">\n    <span class=\"qode-accordion-mark-icon\">\n        <span class=\"icon_plus\"><\/span>\n        <span class=\"icon_minus-06\"><\/span>\n    <\/span>\n<\/span>\n<\/h4>\n<div  class=\"qode-accordion-content \" >\n    <div class=\"qode-accordion-content-inner\">\n        [vc_column_text]Na campy zapraszamy zar\u00f3wno zaawansowanych freerider\u00f3w jak i osoby kt\u00f3re, chc\u0105 dopiero zacz\u0105\u0107 swoja przygod\u0119 z jazda poza trasami. Minimalny poziom od kt\u00f3rego przyjmujemy do grupy to pe\u0142na kontrola nad nartami na czarnej trasie.<\/p>\n<p>Pierwszego dnia campu nast\u0119puje podzia\u0142 uczestnik\u00f3w na 3 grupy zaawansowania, a poziom zaj\u0119\u0107 oraz wyb\u00f3r trudno\u015bci terenu w kolejnych dniach, dopasowany jest do poziomu poszczeg\u00f3lnych grup.<\/p>\n<p>Campy prowadzimy tylko dla narciarzy.[\/vc_column_text]    <\/div>\n<\/div><h4 class=\"clearfix qode-title-holder\">\n<span class=\"qode-tab-title\">\n\t    <span class=\"qode-tab-title-inner\">\n        Jak mog\u0119 zarezerwowa\u0107 miejsce na camp?    <\/span>\n<\/span>\n<span class=\"qode-accordion-mark\">\n    <span class=\"qode-accordion-mark-icon\">\n        <span class=\"icon_plus\"><\/span>\n        <span class=\"icon_minus-06\"><\/span>\n    <\/span>\n<\/span>\n<\/h4>\n<div  class=\"qode-accordion-content \" >\n    <div class=\"qode-accordion-content-inner\">\n        [vc_column_text]Miejsca rezerwujemy drog\u0105 mailow\u0105 (biuro@mfc.ski). Trzeba podes\u0142a\u0107 do nas maila z zapytaniem kt\u00f3ry termin Ci\u0119 interesuje. Ode\u015blemy formularz zwrotny do wype\u0142nienia. Miejsce zostanie zarezerwowane po otrzymaniu przez nas wype\u0142nionego formularza oraz zaliczki.[\/vc_column_text]    <\/div>\n<\/div><h4 class=\"clearfix qode-title-holder\">\n<span class=\"qode-tab-title\">\n\t    <span class=\"qode-tab-title-inner\">\n        Co zawiera cena obozu?    <\/span>\n<\/span>\n<span class=\"qode-accordion-mark\">\n    <span class=\"qode-accordion-mark-icon\">\n        <span class=\"icon_plus\"><\/span>\n        <span class=\"icon_minus-06\"><\/span>\n    <\/span>\n<\/span>\n<\/h4>\n<div  class=\"qode-accordion-content \" >\n    <div class=\"qode-accordion-content-inner\">\n        [vc_column_text]Cena zawiera zakwaterowanie, szkolenie oraz skipass.[\/vc_column_text]    <\/div>\n<\/div><h4 class=\"clearfix qode-title-holder\">\n<span class=\"qode-tab-title\">\n\t    <span class=\"qode-tab-title-inner\">\n        Jak wygl\u0105da transport na camp?    <\/span>\n<\/span>\n<span class=\"qode-accordion-mark\">\n    <span class=\"qode-accordion-mark-icon\">\n        <span class=\"icon_plus\"><\/span>\n        <span class=\"icon_minus-06\"><\/span>\n    <\/span>\n<\/span>\n<\/h4>\n<div  class=\"qode-accordion-content \" >\n    <div class=\"qode-accordion-content-inner\">\n        [vc_column_text]<\/p>\n<p style=\"text-align: left;\">Transport na camp jest we w\u0142asnym zakresie. Przed obozem campowicze dogaduj\u0105 si\u0119 mi\u0119dzy sob\u0105 i jad\u0105 wsp\u00f3lnie samochodami. Mo\u017cna te\u017c przylecie\u0107 samolotem.<\/p>\n<p>[\/vc_column_text]    <\/div>\n<\/div><h4 class=\"clearfix qode-title-holder\">\n<span class=\"qode-tab-title\">\n\t    <span class=\"qode-tab-title-inner\">\n        Czy mog\u0119 podczas trwania obozu u\u017cywa\u0107 nart Majesty?    <\/span>\n<\/span>\n<span class=\"qode-accordion-mark\">\n    <span class=\"qode-accordion-mark-icon\">\n        <span class=\"icon_plus\"><\/span>\n        <span class=\"icon_minus-06\"><\/span>\n    <\/span>\n<\/span>\n<\/h4>\n<div  class=\"qode-accordion-content \" >\n    <div class=\"qode-accordion-content-inner\">\n        [vc_column_text]<\/p>\n<p style=\"text-align: left;\">Tak. Pe\u0142na kolekcja freeridowa nart Majesty jest dost\u0119pna dla uczestnik\u00f3w campu. Korzystanie z nich jest darmowe, lecz musimy pobra\u0107 jednorazow\u0105 op\u0142at\u0119 30 euro za ich serwis. Pami\u0119tajcie \u2013 s\u0105 to <strong>tylko narty<\/strong>. Buty, kijki i ca\u0142y pozosta\u0142y sprz\u0119t trzeba mie\u0107 sw\u00f3j.<\/p>\n<p>[\/vc_column_text]    <\/div>\n<\/div><h4 class=\"clearfix qode-title-holder\">\n<span class=\"qode-tab-title\">\n\t    <span class=\"qode-tab-title-inner\">\n        Ile dni trwa camp?    <\/span>\n<\/span>\n<span class=\"qode-accordion-mark\">\n    <span class=\"qode-accordion-mark-icon\">\n        <span class=\"icon_plus\"><\/span>\n        <span class=\"icon_minus-06\"><\/span>\n    <\/span>\n<\/span>\n<\/h4>\n<div  class=\"qode-accordion-content \" >\n    <div class=\"qode-accordion-content-inner\">\n        [vc_column_text]<\/p>\n<p style=\"text-align: left;\">Camp trwa tydzie\u0144. Zakwaterowanie jest od soboty do soboty. Pierwszy dzie\u0144 to jazda indywidualna, przez kolejne 5 dni prowadzone s\u0105 zaj\u0119cia z instruktorami.<\/p>\n<p>[\/vc_column_text]    <\/div>\n<\/div><h4 class=\"clearfix qode-title-holder\">\n<span class=\"qode-tab-title\">\n\t    <span class=\"qode-tab-title-inner\">\n        Czy trzeba posiada\u0107 sw\u00f3j plecak lawinowy?    <\/span>\n<\/span>\n<span class=\"qode-accordion-mark\">\n    <span class=\"qode-accordion-mark-icon\">\n        <span class=\"icon_plus\"><\/span>\n        <span class=\"icon_minus-06\"><\/span>\n    <\/span>\n<\/span>\n<\/h4>\n<div  class=\"qode-accordion-content \" >\n    <div class=\"qode-accordion-content-inner\">\n        [vc_column_text]<\/p>\n<p style=\"text-align: left;\">Nie. Posiadamy plecaki lawinowe marki Ferrino do przetestowania na czas campu.<\/p>\n<p>[\/vc_column_text]    <\/div>\n<\/div><h4 class=\"clearfix qode-title-holder\">\n<span class=\"qode-tab-title\">\n\t    <span class=\"qode-tab-title-inner\">\n        Czy trzeba posiada\u0107 swoje ABC lawinowe?    <\/span>\n<\/span>\n<span class=\"qode-accordion-mark\">\n    <span class=\"qode-accordion-mark-icon\">\n        <span class=\"icon_plus\"><\/span>\n        <span class=\"icon_minus-06\"><\/span>\n    <\/span>\n<\/span>\n<\/h4>\n<div  class=\"qode-accordion-content \" >\n    <div class=\"qode-accordion-content-inner\">\n        [vc_column_text]<\/p>\n<p style=\"text-align: left;\">Preferujemy aby uczestnicy posiadali sw\u00f3j detektor, sond\u0119 oraz \u0142opat\u0119. Je\u015bli jednak nie ma takiej mo\u017cliwo\u015bci prosimy o bezpo\u015bredni kontakt z nami.<\/p>\n<p>[\/vc_column_text]    <\/div>\n<\/div><\/div>[vc_separator type=&#8221;transparent&#8221;][\/vc_column][\/vc_row]<\/p>\n","protected":false},"excerpt":{"rendered":"<p>[vc_row css_animation=&#8221;&#8221; row_type=&#8221;row&#8221; use_row_as_full_screen_section=&#8221;no&#8221; type=&#8221;grid&#8221; angled_section=&#8221;no&#8221; text_align=&#8221;left&#8221; background_image_as_pattern=&#8221;without_pattern&#8221; padding_top=&#8221;55&#8243; padding_bottom=&#8221;55&#8243;][vc_column][vc_column_text] TUTAJ STARAMY SI\u0118 ODPOWIEDZIE\u0106 NA WSZYSTKIE WASZE PYTANIA \ud83d\ude42 [\/vc_column_text][vc_separator type=&#8221;transparent&#8221; up=&#8221;13&#8243;][vc_column_text] Je\u015bli jednak nie znalaz\u0142e\u015b tu odpowiedzi na swoje, napisz do nas na facebooku lub na biuro@mfc.ski. [\/vc_column_text][\/vc_column][\/vc_row][vc_row css_animation=&#8221;&#8221; row_type=&#8221;row&#8221; use_row_as_full_screen_section=&#8221;no&#8221; type=&#8221;full_width&#8221; angled_section=&#8221;no&#8221; text_align=&#8221;left&#8221;&#8230;<\/p>\n","protected":false},"author":1,"featured_media":0,"parent":0,"menu_order":0,"comment_status":"open","ping_status":"open","template":"full_width.php","meta":{"footnotes":""},"class_list":["post-15255","page","type-page","status-publish","hentry"],"_links":{"self":[{"href":"https:\/\/mfc.ski\/index.php\/wp-json\/wp\/v2\/pages\/15255","targetHints":{"allow":["GET"]}}],"collection":[{"href":"https:\/\/mfc.ski\/index.php\/wp-json\/wp\/v2\/pages"}],"about":[{"href":"https:\/\/mfc.ski\/index.php\/wp-json\/wp\/v2\/types\/page"}],"author":[{"embeddable":true,"href":"https:\/\/mfc.ski\/index.php\/wp-json\/wp\/v2\/users\/1"}],"replies":[{"embeddable":true,"href":"https:\/\/mfc.ski\/index.php\/wp-json\/wp\/v2\/comments?post=15255"}],"version-history":[{"count":19,"href":"https:\/\/mfc.ski\/index.php\/wp-json\/wp\/v2\/pages\/15255\/revisions"}],"predecessor-version":[{"id":16237,"href":"https:\/\/mfc.ski\/index.php\/wp-json\/wp\/v2\/pages\/15255\/revisions\/16237"}],"wp:attachment":[{"href":"https:\/\/mfc.ski\/index.php\/wp-json\/wp\/v2\/media?parent=15255"}],"curies":[{"name":"wp","href":"https:\/\/api.w.org\/{rel}","templated":true}]}}

<p>[vc_row css_animation=&#8221;&#8221; row_type=&#8221;row&#8221; use_row_as_full_screen_section=&#8221;no&#8221; type=&#8221;grid&#8221; angled_section=&#8221;no&#8221; text_align=&#8221;left&#8221; background_image_as_pattern=&#8221;without_pattern&#8221; padding_top=&#8221;55&#8243; padding_bottom=&#8221;55&#8243;][vc_column][vc_column_text]</p>
<h2 style="text-align: center;">TUTAJ STARAMY SIĘ ODPOWIEDZIEĆ NA WSZYSTKIE WASZE PYTANIA 🙂</h2>
<p>[/vc_column_text][vc_separator type=&#8221;transparent&#8221; up=&#8221;13&#8243;][vc_column_text]</p>
<p style="text-align: center;">Jeśli jednak nie znalazłeś tu odpowiedzi na swoje, napisz do nas na <a href="https://www.facebook.com/MajestyFreerideCamp/">facebooku</a> lub na biuro@mfc.ski.</p>
<p>[/vc_column_text][/vc_column][/vc_row][vc_row css_animation=&#8221;&#8221; row_type=&#8221;row&#8221; use_row_as_full_screen_section=&#8221;no&#8221; type=&#8221;full_width&#8221; angled_section=&#8221;no&#8221; text_align=&#8221;left&#8221; background_image_as_pattern=&#8221;without_pattern&#8221;][vc_column]<div class="qode-accordion-holder clearfix qode-accordion qode-initial ">
	<h4 class="clearfix qode-title-holder">
<span class="qode-tab-title">
	    <span class="qode-tab-title-inner">
        Dla kogo są campy?    </span>
</span>
<span class="qode-accordion-mark">
    <span class="qode-accordion-mark-icon">
        <span class="icon_plus"></span>
        <span class="icon_minus-06"></span>
    </span>
</span>
</h4>
<div  class="qode-accordion-content " >
    <div class="qode-accordion-content-inner">
        [vc_column_text]Na campy zapraszamy zarówno zaawansowanych freeriderów jak i osoby które, chcą dopiero zacząć swoja przygodę z jazda poza trasami. Minimalny poziom od którego przyjmujemy do grupy to pełna kontrola nad nartami na czarnej trasie.</p>
<p>Pierwszego dnia campu następuje podział uczestników na 3 grupy zaawansowania, a poziom zajęć oraz wybór trudności terenu w kolejnych dniach, dopasowany jest do poziomu poszczególnych grup.</p>
<p>Campy prowadzimy tylko dla narciarzy.[/vc_column_text]    </div>
</div><h4 class="clearfix qode-title-holder">
<span class="qode-tab-title">
	    <span class="qode-tab-title-inner">
        Jak mogę zarezerwować miejsce na camp?    </span>
</span>
<span class="qode-accordion-mark">
    <span class="qode-accordion-mark-icon">
        <span class="icon_plus"></span>
        <span class="icon_minus-06"></span>
    </span>
</span>
</h4>
<div  class="qode-accordion-content " >
    <div class="qode-accordion-content-inner">
        [vc_column_text]Miejsca rezerwujemy drogą mailową (biuro@mfc.ski). Trzeba podesłać do nas maila z zapytaniem który termin Cię interesuje. Odeślemy formularz zwrotny do wypełnienia. Miejsce zostanie zarezerwowane po otrzymaniu przez nas wypełnionego formularza oraz zaliczki.[/vc_column_text]    </div>
</div><h4 class="clearfix qode-title-holder">
<span class="qode-tab-title">
	    <span class="qode-tab-title-inner">
        Co zawiera cena obozu?    </span>
</span>
<span class="qode-accordion-mark">
    <span class="qode-accordion-mark-icon">
        <span class="icon_plus"></span>
        <span class="icon_minus-06"></span>
    </span>
</span>
</h4>
<div  class="qode-accordion-content " >
    <div class="qode-accordion-content-inner">
        [vc_column_text]Cena zawiera zakwaterowanie, szkolenie oraz skipass.[/vc_column_text]    </div>
</div><h4 class="clearfix qode-title-holder">
<span class="qode-tab-title">
	    <span class="qode-tab-title-inner">
        Jak wygląda transport na camp?    </span>
</span>
<span class="qode-accordion-mark">
    <span class="qode-accordion-mark-icon">
        <span class="icon_plus"></span>
        <span class="icon_minus-06"></span>
    </span>
</span>
</h4>
<div  class="qode-accordion-content " >
    <div class="qode-accordion-content-inner">
        [vc_column_text]</p>
<p style="text-align: left;">Transport na camp jest we własnym zakresie. Przed obozem campowicze dogadują się między sobą i jadą wspólnie samochodami. Można też przylecieć samolotem.</p>
<p>[/vc_column_text]    </div>
</div><h4 class="clearfix qode-title-holder">
<span class="qode-tab-title">
	    <span class="qode-tab-title-inner">
        Czy mogę podczas trwania obozu używać nart Majesty?    </span>
</span>
<span class="qode-accordion-mark">
    <span class="qode-accordion-mark-icon">
        <span class="icon_plus"></span>
        <span class="icon_minus-06"></span>
    </span>
</span>
</h4>
<div  class="qode-accordion-content " >
    <div class="qode-accordion-content-inner">
        [vc_column_text]</p>
<p style="text-align: left;">Tak. Pełna kolekcja freeridowa nart Majesty jest dostępna dla uczestników campu. Korzystanie z nich jest darmowe, lecz musimy pobrać jednorazową opłatę 30 euro za ich serwis. Pamiętajcie – są to <strong>tylko narty</strong>. Buty, kijki i cały pozostały sprzęt trzeba mieć swój.</p>
<p>[/vc_column_text]    </div>
</div><h4 class="clearfix qode-title-holder">
<span class="qode-tab-title">
	    <span class="qode-tab-title-inner">
        Ile dni trwa camp?    </span>
</span>
<span class="qode-accordion-mark">
    <span class="qode-accordion-mark-icon">
        <span class="icon_plus"></span>
        <span class="icon_minus-06"></span>
    </span>
</span>
</h4>
<div  class="qode-accordion-content " >
    <div class="qode-accordion-content-inner">
        [vc_column_text]</p>
<p style="text-align: left;">Camp trwa tydzień. Zakwaterowanie jest od soboty do soboty. Pierwszy dzień to jazda indywidualna, przez kolejne 5 dni prowadzone są zajęcia z instruktorami.</p>
<p>[/vc_column_text]    </div>
</div><h4 class="clearfix qode-title-holder">
<span class="qode-tab-title">
	    <span class="qode-tab-title-inner">
        Czy trzeba posiadać swój plecak lawinowy?    </span>
</span>
<span class="qode-accordion-mark">
    <span class="qode-accordion-mark-icon">
        <span class="icon_plus"></span>
        <span class="icon_minus-06"></span>
    </span>
</span>
</h4>
<div  class="qode-accordion-content " >
    <div class="qode-accordion-content-inner">
        [vc_column_text]</p>
<p style="text-align: left;">Nie. Posiadamy plecaki lawinowe marki Ferrino do przetestowania na czas campu.</p>
<p>[/vc_column_text]    </div>
</div><h4 class="clearfix qode-title-holder">
<span class="qode-tab-title">
	    <span class="qode-tab-title-inner">
        Czy trzeba posiadać swoje ABC lawinowe?    </span>
</span>
<span class="qode-accordion-mark">
    <span class="qode-accordion-mark-icon">
        <span class="icon_plus"></span>
        <span class="icon_minus-06"></span>
    </span>
</span>
</h4>
<div  class="qode-accordion-content " >
    <div class="qode-accordion-content-inner">
        [vc_column_text]</p>
<p style="text-align: left;">Preferujemy aby uczestnicy posiadali swój detektor, sondę oraz łopatę. Jeśli jednak nie ma takiej możliwości prosimy o bezpośredni kontakt z nami.</p>
<p>[/vc_column_text]    </div>
</div></div>[vc_separator type=&#8221;transparent&#8221;][/vc_column][/vc_row]</p>

<p>[vc_row css_animation=&#8221;&#8221; row_type=&#8221;row&#8221; use_row_as_full_screen_section=&#8221;no&#8221; type=&#8221;grid&#8221; angled_section=&#8221;no&#8221; text_align=&#8221;left&#8221; background_image_as_pattern=&#8221;without_pattern&#8221; padding_top=&#8221;55&#8243; padding_bottom=&#8221;55&#8243;][vc_column][vc_column_text] TUTAJ STARAMY SIĘ ODPOWIEDZIEĆ NA WSZYSTKIE WASZE PYTANIA 🙂 [/vc_column_text][vc_separator type=&#8221;transparent&#8221; up=&#8221;13&#8243;][vc_column_text] Jeśli jednak nie znalazłeś tu odpowiedzi na swoje, napisz do nas na facebooku lub na biuro@mfc.ski. [/vc_column_text][/vc_column][/vc_row][vc_row css_animation=&#8221;&#8221; row_type=&#8221;row&#8221; use_row_as_full_screen_section=&#8221;no&#8221; type=&#8221;full_width&#8221; angled_section=&#8221;no&#8221; text_align=&#8221;left&#8221;&#8230;</p>
