{"id":13579,"date":"2014-03-25T08:13:47","date_gmt":"2014-03-25T08:13:47","guid":{"rendered":"http:\/\/demo.qodeinteractive.com\/bridge7\/?page_id=13579"},"modified":"2023-10-02T13:50:58","modified_gmt":"2023-10-02T11:50:58","slug":"lokalizacje","status":"publish","type":"page","link":"https:\/\/mfc.ski\/index.php\/lokalizacje\/","title":{"rendered":"Lokalizacje"},"content":{"rendered":"<p>[vc_row css_animation=&#8221;&#8221; row_type=&#8221;row&#8221; use_row_as_full_screen_section=&#8221;no&#8221; type=&#8221;grid&#8221; angled_section=&#8221;no&#8221; text_align=&#8221;left&#8221; background_image_as_pattern=&#8221;without_pattern&#8221; background_color=&#8221;#ffffff&#8221; padding_top=&#8221;87&#8243; padding_bottom=&#8221;15&#8243;][vc_column][vc_column_text]<\/p>\n<h2 style=\"text-align: center;\">GDZIE ODBYWAJ\u0104 SI\u0118 NASZE CAMPY?<\/h2>\n<p>[\/vc_column_text][vc_separator type=&#8221;small&#8221; position=&#8221;center&#8221; up=&#8221;7&#8243; down=&#8221;38&#8243;][vc_column_text]<\/p>\n<h4 style=\"text-align: center;\">Poczytajcie co nie co o miejsc\u00f3wkach, \u017ceby zdecydowa\u0107, kt\u00f3ra Wam bardziej pasuje!<\/h4>\n<p>[\/vc_column_text][vc_separator type=&#8221;transparent&#8221; up=&#8221;23&#8243; down=&#8221;39&#8243;][vc_separator type=&#8221;transparent&#8221; up=&#8221;23&#8243; down=&#8221;39&#8243;][\/vc_column][\/vc_row][vc_row css_animation=&#8221;&#8221; row_type=&#8221;row&#8221; use_row_as_full_screen_section=&#8221;no&#8221; type=&#8221;grid&#8221; angled_section=&#8221;no&#8221; text_align=&#8221;left&#8221; background_image_as_pattern=&#8221;without_pattern&#8221; background_color=&#8221;#ffffff&#8221; padding_bottom=&#8221;0&#8243;][vc_column width=&#8221;1\/2&#8243;][vc_column_text]<\/p>\n<h2>ZILLERTAL<\/h2>\n<p>[\/vc_column_text][vc_separator type=&#8221;normal&#8221; color=&#8221;#dd3333&#8243;][vc_separator type=&#8221;transparent&#8221;][vc_gallery interval=&#8221;3&#8243; images=&#8221;15855,16098,16099,16100,16102&#8243; img_size=&#8221;700&#215;700&#8243; direction_nav=&#8221;yes&#8221; control_nav=&#8221;yes&#8221; pause_on_hover=&#8221;yes&#8221;][\/vc_column][vc_column width=&#8221;1\/2&#8243;][vc_tabs style=&#8221;horizontal_left&#8221;][vc_tab title=&#8221;G\u0142\u00f3wne informacje&#8221; tab_id=&#8221;1394534595-1-77&#8243;][vc_row_inner row_type=&#8221;row&#8221; type=&#8221;full_width&#8221; text_align=&#8221;left&#8221; css_animation=&#8221;&#8221;][vc_column_inner][vc_column_text]Dolina Zillertal w Austrii to ponad 500 km tras narciarskich oraz prawie 180 kolejek g\u00f3rskich i wyci\u0105g\u00f3w! To nie tylko narciarska stolica tego alpejskiego kraju, ale tak\u017ce bez w\u0105tpienia jeden z najwi\u0119kszych o\u015brodk\u00f3w narciarskich na \u015bwiecie.<\/p>\n<p>&nbsp;<\/p>\n<p>Dla freeridu jest to wymarzone miejsce.<br \/>\n&#8211; <strong>Wielko\u015b\u0107 doliny<\/strong> daje nieograniczona mo\u017cliwo\u015b\u0107 eksploracji teren\u00f3w pozatrasowych.<br \/>\n&#8211; <strong>R\u00f3\u017cnica wzniesie\u0144<\/strong> pomi\u0119dzy 550m a 3500m powoduje \u017ce zjazdy o deniwelacji powy\u017cej 2 km nie s\u0105 tu rzadko\u015bci\u0105!<br \/>\n&#8211; <strong>R\u00f3\u017cnorodno\u015b\u0107<\/strong>. Znajdziecie tutaj wielkie odkryte linie oraz wspania\u0142e lasy daj\u0105ce mo\u017cliwo\u015b\u0107 jazdy w s\u0142abszej widoczno\u015bci oraz zabawy typu BC<br \/>\n&#8211; <strong>\u015anieg.<\/strong> To bardzo \u015bniezna dolina. Lokalny mikroklimat oraz ukszta\u0142towanie doliny powoduje, \u017ce miejsce to otrzymuje wi\u0119cej opad\u00f3w \u015bniegu ni\u017c inne alpejskie kurorty.<br \/>\n&#8211; <strong>To nasza miejsc\u00f3wka.<\/strong> Mieszkamy tu od kilkunastu lat i ci\u015bniemy freeride nieustannie.[\/vc_column_text][\/vc_column_inner][\/vc_row_inner][\/vc_tab][vc_tab title=&#8221;Region w liczbach&#8221; tab_id=&#8221;1394537422496-1-9&#8243;][vc_row_inner row_type=&#8221;row&#8221; type=&#8221;full_width&#8221; text_align=&#8221;left&#8221; css_animation=&#8221;&#8221;][vc_column_inner][vc_column_text]Najwy\u017cszy szczyt: Olperer (3 476 m n.p.m.)<br \/>\nIlo\u015b\u0107 km tras: 542<br \/>\nLiczba wyci\u0105g\u00f3w: 180[\/vc_column_text][\/vc_column_inner][\/vc_row_inner][\/vc_tab][\/vc_tabs][vc_separator type=&#8221;transparent&#8221; up=&#8221;90&#8243; down=&#8221;0&#8243;][\/vc_column][\/vc_row][vc_row css_animation=&#8221;&#8221; row_type=&#8221;row&#8221; use_row_as_full_screen_section=&#8221;no&#8221; type=&#8221;grid&#8221; angled_section=&#8221;no&#8221; text_align=&#8221;left&#8221; background_image_as_pattern=&#8221;without_pattern&#8221; background_color=&#8221;#ffffff&#8221; padding_bottom=&#8221;0&#8243;][vc_column width=&#8221;1\/2&#8243;][vc_tabs style=&#8221;horizontal_left&#8221;][vc_tab title=&#8221;G\u0142\u00f3wne informacje&#8221; tab_id=&#8221;1394534595-1-77&#8243;][vc_row_inner row_type=&#8221;row&#8221; type=&#8221;full_width&#8221; text_align=&#8221;left&#8221; css_animation=&#8221;&#8221;][vc_column_inner][vc_column_text]Verbier &#8211; najwi\u0119kszy w Szwajcarii o\u015brodek narciarski, gdzie ponad 412 km tras \u0142\u0105czy 6 miejscowo\u015bci i 4 doliny. Stolica \u015bwiatowego freeride\u2019u &#8211; od ponad 20 lat odbywaj\u0105 si\u0119 tu legendarne zawody \u201eExtreme Verbier\u201d kt\u00f3re s\u0105 jednocze\u015bnie fina\u0142em i najbardziej oczekiwanym przystankiem freeride world tour\u2019u. Sam widok s\u0142ynnej \u015bciany Bec de Rosses z ok. 50 stopniowym nachyleniem robi niesamowite wra\u017cenie. W Verbier znajdziecie ogromn\u0105 ilo\u015b\u0107 zabezpieczonych stref freeride\u2019owych, niesko\u0144czone, zr\u00f3\u017cnicowane tereny, kt\u00f3re pozwalaj\u0105 na zabaw\u0119 dla ka\u017cdego i w ka\u017cdych warunkach. O\u015brodek jest wyj\u0105tkowo nastawiony na freeride, daj\u0105c od dyspozycji m.in. gondol\u0119, kt\u00f3ra wje\u017cd\u017ca na szczyt Mt. Gele, z kt\u00f3rego na d\u00f3\u0142 nie prowadzi \u017cadna trasa &#8211; jedyn\u0105 opcj\u0105 jest w\u0142asna freeride\u2019owa linia. Najwy\u017cszy szczyt to legendarne Mt. Fort (3330 m.n.p.m.), z kt\u00f3rego widok nie ma sobie r\u00f3wnych &#8211; ponad 110 szczyt\u00f3w w tym kilkana\u015bcie 4-tysi\u0119cznik\u00f3w i m.in. Matternhorn, Dent Blanche, Mont Blanc, Grand Combin, itd. W razie \u015bnie\u017cnej pogody mamy do dyspozycji ogromne lasy, gdzie mamy nasze najlepsze secret spoty \ud83d\ude42 Sam fakt, \u017ce ponad po\u0142owa profesjonalnych narciarzy Freeride World Touru sp\u0119dza tutaj sezon trenuj\u0105c i przygotowuj\u0105c si\u0119 do kolejnych zawod\u00f3w, \u015bwiadczy o tym jak atrakcyjny pod wzgl\u0119dem freeride\u2019u jest region 4 dolin. Verbier po\u0142o\u017cone jest w s\u0105siedztwie 4 du\u017cych lodowc\u00f3w i u styku doliny Chamonix i doliny Rodanu co powoduj\u0119, \u017ce wi\u0119kszo\u015b\u0107 opad\u00f3w w regionie kumuluj\u0119 si\u0119 w\u0142a\u015bnie w okolicy 4 dolin. Nasi lokalni riderzy \u015bwietnie znaj\u0105 ca\u0142y region, zabior\u0105 Was w najlepsze miejsc\u00f3wki i znajd\u0105 teren dostosowany do poziomu ka\u017cdego z uczestnik\u00f3w.[\/vc_column_text][\/vc_column_inner][\/vc_row_inner][\/vc_tab][vc_tab title=&#8221;Region w liczbach&#8221; tab_id=&#8221;1394537422496-1-9&#8243;][vc_row_inner row_type=&#8221;row&#8221; type=&#8221;full_width&#8221; text_align=&#8221;left&#8221; css_animation=&#8221;&#8221;][vc_column_inner][vc_column_text]Najwy\u017cszy szczyt: Mont Fort (3328 m n.p.m.)<br \/>\nIlo\u015b\u0107 km tras: 410<br \/>\nLiczba wyci\u0105g\u00f3w: ~100[\/vc_column_text][\/vc_column_inner][\/vc_row_inner][\/vc_tab][\/vc_tabs][vc_separator type=&#8221;transparent&#8221; up=&#8221;90&#8243; down=&#8221;0&#8243;][\/vc_column][vc_column width=&#8221;1\/2&#8243;][vc_column_text]<\/p>\n<h2 style=\"text-align: right;\">VERBIER<\/h2>\n<p>[\/vc_column_text][vc_separator type=&#8221;normal&#8221; color=&#8221;#dd3333&#8243;][vc_separator type=&#8221;transparent&#8221;][vc_gallery interval=&#8221;3&#8243; images=&#8221;15939,16093,16094,16095,16096,16097&#8243; img_size=&#8221;700&#215;700&#8243; direction_nav=&#8221;yes&#8221; control_nav=&#8221;yes&#8221; pause_on_hover=&#8221;yes&#8221;][\/vc_column][\/vc_row][vc_row css_animation=&#8221;&#8221; row_type=&#8221;row&#8221; use_row_as_full_screen_section=&#8221;no&#8221; type=&#8221;grid&#8221; angled_section=&#8221;no&#8221; text_align=&#8221;left&#8221; background_image_as_pattern=&#8221;without_pattern&#8221; background_color=&#8221;#ffffff&#8221; padding_bottom=&#8221;0&#8243;][vc_column width=&#8221;1\/2&#8243;][vc_column_text]<\/p>\n<h2>LES ARCS<\/h2>\n<p>[\/vc_column_text][vc_separator type=&#8221;normal&#8221; color=&#8221;#dd3333&#8243;][vc_separator type=&#8221;transparent&#8221;][vc_gallery interval=&#8221;3&#8243; images=&#8221;16240,16241,16242&#8243; img_size=&#8221;700&#215;700&#8243; direction_nav=&#8221;yes&#8221; control_nav=&#8221;yes&#8221; pause_on_hover=&#8221;yes&#8221;][\/vc_column][vc_column width=&#8221;1\/2&#8243;][vc_tabs style=&#8221;horizontal_left&#8221;][vc_tab title=&#8221;G\u0142\u00f3wne informacje&#8221; tab_id=&#8221;1394534595-1-77&#8243;][vc_row_inner row_type=&#8221;row&#8221; type=&#8221;full_width&#8221; text_align=&#8221;left&#8221; css_animation=&#8221;&#8221;][vc_column_inner][vc_column_text]<span style=\"font-weight: 400;\">Francuskie Les Arcs to stacja z 50 letni\u0105 tradycj\u0105 i zarazem jeden z najciekawiej po\u0142o\u017conych rejon\u00f3w narciarskich na \u015bwiecie. Oferuje 425 km przygotowanych tras na wysoko\u015bciach od 1200 do 3226 m n.p.m. w czterech (Arc 1600 Pierre Blanche, Arc 1800, Arc 1950 oraz Arc 2000) po\u0142\u0105czonych ze sob\u0105 o\u015brodkach. Ciekawe ukszta\u0142towanie terenu pozwala na bardzo d\u0142ugie i urozmaicone przejazdy pozatrasowe. Jako przyk\u0142ad mo\u017cemy poda\u0107 Masyw Aiguille Rouge (3227 m n.p.m.), kt\u00f3ry daje mo\u017cliwo\u015bci zjazdu \u017clebami o r\u00f3\u017cnej d\u0142ugo\u015bci a\u017c do Villaroger (1200 m n.p.m.). Te przejazdy o ponad 2 km r\u00f3\u017cnicy wzniesie\u0144 prowadz\u0105 z dala od wyci\u0105g\u00f3w, po ca\u0142kowicie dzikim terenie.<\/span><\/p>\n<p>&nbsp;<\/p>\n<p><span style=\"font-weight: 400;\">Dla nas jest to miejsce szczeg\u00f3lnie wyj\u0105tkowe, poniewa\u017c wiele lat temu w\u0142a\u015bnie w tej dolinie zaczynali\u015bmy nasz\u0105 przygod\u0119 z freeridem. Tu by\u0142y pierwsze zjechane \u017cleby, pierwsze dropy. Po latach wracamy do miejsc\u00f3wki, kt\u00f3r\u0105 dobrze znamy i kochamy, ale z Wami b\u0119dziemy odkrywa\u0107 j\u0105 na nowo.<\/span><\/p>\n<p>[\/vc_column_text][\/vc_column_inner][\/vc_row_inner][\/vc_tab][vc_tab title=&#8221;Region w liczbach&#8221; tab_id=&#8221;1394537422496-1-9&#8243;][vc_row_inner row_type=&#8221;row&#8221; type=&#8221;full_width&#8221; text_align=&#8221;left&#8221; css_animation=&#8221;&#8221;][vc_column_inner][vc_column_text]Najwy\u017cszy szczyt: Aiguille Rouge\u00a0(3\u00a0226 m n.p.m.)<br \/>\nIlo\u015b\u0107 km tras: 425<br \/>\nLiczba wyci\u0105g\u00f3w: ponad 100[\/vc_column_text][\/vc_column_inner][\/vc_row_inner][\/vc_tab][\/vc_tabs][vc_separator type=&#8221;transparent&#8221; up=&#8221;90&#8243; down=&#8221;0&#8243;][\/vc_column][\/vc_row][vc_row css_animation=&#8221;&#8221; row_type=&#8221;row&#8221; use_row_as_full_screen_section=&#8221;no&#8221; type=&#8221;grid&#8221; angled_section=&#8221;no&#8221; text_align=&#8221;left&#8221; background_image_as_pattern=&#8221;without_pattern&#8221; background_color=&#8221;#ffffff&#8221; padding_bottom=&#8221;0&#8243;][vc_column width=&#8221;1\/2&#8243;][vc_tabs style=&#8221;horizontal_left&#8221;][vc_tab title=&#8221;G\u0142\u00f3wne informacje&#8221; tab_id=&#8221;1394534595-1-77&#8243;][vc_row_inner row_type=&#8221;row&#8221; type=&#8221;full_width&#8221; text_align=&#8221;left&#8221; css_animation=&#8221;&#8221;][vc_column_inner][vc_column_text el_id=&#8221;t&#8221;]<\/p>\n<div>Do tego miejsca przekona\u0142 mnie szef o\u015brodka \u00c5re podczas ws\u00f3plnego surfowania na portugalskich falach. Skar\u017cy\u0142em si\u0119, \u017ce ostatnie wiosny w Alpach, zw\u0142aszcza po\u0142udniowych, s\u0105 bardzo ciep\u0142e i jako\u015b\u0107 marcowego freeridu we Francji i Szwajcarii mocno spad\u0142a.<\/div>\n<div>Jego odpowied\u017a by\u0142a prosta:<\/div>\n<blockquote>\n<div><em>U nas (\u00c5re) jest zimno! Nie uda\u0142o nam si\u0119 otworzy\u0107 bike parku na pierwszego czerwca bo mieli\u015bmy jeszcze ponad 2m \u015bniegu!<\/em><\/div>\n<div><em>W marcu mamy \u015brednio -10\u00b0C i powder<\/em>.<\/div>\n<\/blockquote>\n<div>To mnie przekona\u0142 \ud83d\ude42 jedziemy!<\/div>\n<div><\/div>\n<div>\u00c5re to najwi\u0119kszy o\u015brodek narciarski w Szwecji, dumnie goszcz\u0105cy eliminacje alpejskiego pucharu \u015bwiata. Dodatkowo jest mekk\u0105 skandynawskich freerider\u00f3w.<\/div>\n<p>[\/vc_column_text][\/vc_column_inner][\/vc_row_inner][\/vc_tab][vc_tab title=&#8221;Region w liczbach&#8221; tab_id=&#8221;1394537422496-1-9&#8243;][vc_row_inner row_type=&#8221;row&#8221; type=&#8221;full_width&#8221; text_align=&#8221;left&#8221; css_animation=&#8221;&#8221;][vc_column_inner][vc_column_text]Najwy\u017cszy szczyt: \u00c5reskutan 1420 m<br \/>\nIlo\u015b\u0107 tras: 112<br \/>\nLiczba wyci\u0105g\u00f3w: 46[\/vc_column_text][\/vc_column_inner][\/vc_row_inner][\/vc_tab][\/vc_tabs][vc_separator type=&#8221;transparent&#8221; up=&#8221;90&#8243; down=&#8221;0&#8243;][\/vc_column][vc_column width=&#8221;1\/2&#8243;][vc_column_text]<\/p>\n<h2 style=\"text-align: right;\">\u00c5RE<\/h2>\n<p>[\/vc_column_text][vc_separator type=&#8221;normal&#8221; color=&#8221;#dd3333&#8243;][vc_separator type=&#8221;transparent&#8221;][vc_gallery interval=&#8221;3&#8243; images=&#8221;16294,16295,16296,16297&#8243; img_size=&#8221;700&#215;700&#8243; direction_nav=&#8221;yes&#8221; control_nav=&#8221;yes&#8221; pause_on_hover=&#8221;yes&#8221;][\/vc_column][\/vc_row]<\/p>\n","protected":false},"excerpt":{"rendered":"<p>[vc_row css_animation=&#8221;&#8221; row_type=&#8221;row&#8221; use_row_as_full_screen_section=&#8221;no&#8221; type=&#8221;grid&#8221; angled_section=&#8221;no&#8221; text_align=&#8221;left&#8221; background_image_as_pattern=&#8221;without_pattern&#8221; background_color=&#8221;#ffffff&#8221; padding_top=&#8221;87&#8243; padding_bottom=&#8221;15&#8243;][vc_column][vc_column_text] GDZIE ODBYWAJ\u0104 SI\u0118 NASZE CAMPY? [\/vc_column_text][vc_separator type=&#8221;small&#8221; position=&#8221;center&#8221; up=&#8221;7&#8243; down=&#8221;38&#8243;][vc_column_text] Poczytajcie co nie co o miejsc\u00f3wkach, \u017ceby zdecydowa\u0107, kt\u00f3ra Wam bardziej pasuje! [\/vc_column_text][vc_separator type=&#8221;transparent&#8221; up=&#8221;23&#8243; down=&#8221;39&#8243;][vc_separator type=&#8221;transparent&#8221; up=&#8221;23&#8243; down=&#8221;39&#8243;][\/vc_column][\/vc_row][vc_row css_animation=&#8221;&#8221; row_type=&#8221;row&#8221; use_row_as_full_screen_section=&#8221;no&#8221; type=&#8221;grid&#8221; angled_section=&#8221;no&#8221;&#8230;<\/p>\n","protected":false},"author":1,"featured_media":0,"parent":0,"menu_order":0,"comment_status":"open","ping_status":"open","template":"full_width.php","meta":{"footnotes":""},"class_list":["post-13579","page","type-page","status-publish","hentry"],"_links":{"self":[{"href":"https:\/\/mfc.ski\/index.php\/wp-json\/wp\/v2\/pages\/13579","targetHints":{"allow":["GET"]}}],"collection":[{"href":"https:\/\/mfc.ski\/index.php\/wp-json\/wp\/v2\/pages"}],"about":[{"href":"https:\/\/mfc.ski\/index.php\/wp-json\/wp\/v2\/types\/page"}],"author":[{"embeddable":true,"href":"https:\/\/mfc.ski\/index.php\/wp-json\/wp\/v2\/users\/1"}],"replies":[{"embeddable":true,"href":"https:\/\/mfc.ski\/index.php\/wp-json\/wp\/v2\/comments?post=13579"}],"version-history":[{"count":28,"href":"https:\/\/mfc.ski\/index.php\/wp-json\/wp\/v2\/pages\/13579\/revisions"}],"predecessor-version":[{"id":16010,"href":"https:\/\/mfc.ski\/index.php\/wp-json\/wp\/v2\/pages\/13579\/revisions\/16010"}],"wp:attachment":[{"href":"https:\/\/mfc.ski\/index.php\/wp-json\/wp\/v2\/media?parent=13579"}],"curies":[{"name":"wp","href":"https:\/\/api.w.org\/{rel}","templated":true}]}}